e value of (-1 + (-19 - -27) + -18 - -46) + 6 + 0?
41
Calculate 36 + 5 + -9 - (908 - 998).
122
Evaluate 1 + (3 - -3) + (-1186 - -1101).
-78
What is -9 - ((11 - -8) + -23) - -8?
3
What is (2808 - 2793) + -1 + 13 - -61?
88
2 + (-9 - -57) - (17 - 2)
35
What is (165 - 121) + -18 + 2 + 1?
29
-527 + 515 - (-52 - (-6 - -3))
37
Evaluate -16 + 0 + (17 - -9) + -27.
-17
64 + 3 - (-30 - -11 - (-32 + 2))
56
Calculate (14 - (8 - -3) - (-5 + 23)) + (-113 - -21).
-107
What is -14 + 25 + -5 - (-1 - (-4 + -47))?
-44
What is -4 - 46 - (-2 - (-13 + 4)) - -10 - -6?
-41
Calculate (1066 - 1075) + (3 - 0 - 24).
-30
-22 - 6 - (9 - (12 - 14) - 10)
-29
Evaluate -37 + -13 + 0 + 3 + 20.
-27
86 - (44 - (11 + 12 - 13) - 16)
68
What is 1 - (68 + (21 - 27) - 23)?
-38
Evaluate (0 - -2 - 37) + (-23 - (-2 - 17)).
-39
36 - (-3 + (-14 - -13) - (-1 + -4))
35
What is the value of 5 - 14 - -19 - (-303 + 236)?
77
What is 1 + (-5 + 0 - 2) + (-23 - (-31 + 10))?
-8
Evaluate -14 - (11 + 5 + -5 + (12 - 46)).
9
(185 - (420 - 159)) + 0 + 2 + 4
-70
Calculate -101 + (19 - -16 - 19) + 4.
-81
What is 8 + (-10 + 8 - (-12 - -18))?
0
-28 - 90 - -37 - -10 - (0 - (-1 + 13))
-59
Calculate (-49 - 9 - -62) + 35.
39
What is the value of (-50 - -125) + 20 + -68?
27
Evaluate -159 - -90 - (7 - (14 + 7)).
-55
What is 6 - (2 - 16) - (-31 + 4 + 28)?
19
What is -6 + (-9 - (6 + (-4 - 5) + -19)) + -53?
-46
-7 - ((-40 - (-3 - 14)) + 68)
-52
3 + 84 - (110 + -62)
39
(-27 - (-90 + -30)) + (3 - (13 + -4 + 5))
82
Calculate (12 - -1) + 15 + -37 - 22.
-31
-2880 + 2820 + (1 - (9 + 0))
-68
Evaluate -6 - (5 - (3 + (-17 + 8 - -5))) - 75.
-87
What is (115 - 71 - 42) + (-19 - 2)?
-19
3 + 13 + -20 + 20 + 9 + -21
4
What is the value of -1 + -29 + 14 + (5 - (35 + -10)) + -8?
-44
-68 + 0 + (43 + -3 - (-103 - -151))
-76
What is (42 - 10) + -45 + 3 + -13?
-23
21 - (1333 - 1414 - (0 - 45))
57
17 + (16 - (-55 + 133))
-45
Evaluate 25 + 123 + -132 - 32.
-16
Evaluate -4 + 1 + -7 - (-21 + 33) - 50.
-72
What is the value of 345 + -337 + (3 - (7 + -2 - -1)) + 43?
48
What is -2 + (-49 - -62 - (2 + 3 + 12 + -8))?
2
Evaluate 3 + -1 + 2 + -28 + 21 - (118 - 136).
15
79 + (30 - 39 - 32) + 38
76
What is 60 + 53 + -139 + 3?
-23
Calculate (39 - (31 - -58) - -1) + (12 - (1 + -1)).
-37
Calculate (146 - 145) + (-21 - (3 + 6)).
-29
Calculate 12 + (-40 - ((9 - (16 - (3 + 7))) + -10)).
-21
-101 + (0 - -53) + 0 + 9 + 10
-29
Evaluate -15 + (6 + (-15 + 30 - 35) - -60).
31
Calculate -2 - -29 - (-24 - (-49 + 61)).
63
Evaluate 26 + -52 - (-5 + 17 - 35).
-3
What is the value of -13 + (-6 - -10) - (0 + (7 - 15))?
-1
What is 17 + (19 - ((-19 - -16 - -17) + 23))?
-1
9 + -2 + (-13 - (7 + -8) - -4) - -56
55
Evaluate 252 - 237 - (6 - (6 - -3)).
18
What is 99 + 41 + -70 + -22 - ((2 - 10) + 3)?
53
What is the value of (-62 + 103 - 73) + -30?
-62
Evaluate 28 + 23 - 29 - (100 + -15).
-63
95 + -213 + 72 + 86
40
Calculate -19 + (2666 + -2702 - (-1 + -123)).
69
Calculate 2 + 28 - (598 + -592).
24
What is 15 + (18 - (-4 + 9) - 3)?
25
-1 + -4 + (115 - 86) + -111
-87
What is the value of -94 + (52 - 9) + -13?
-64
1 + 79 - (1484 + -1435)
31
What is -5538 + 5546 - ((-1 - -2) + 4)?
3
15 + 0 + 10 + -2
23
What is the value of -37 + 38 + -40 + 41 + 35?
37
-41 + (-37 + 16 - (1 + 1 - 17))
-47
Evaluate -10 + 8 + -11 + (-76 - -28).
-61
What is the value of 2 - ((55 - -1) + (-2 - -18 - (50 - 46)))?
-66
(1 - -123 - (47 + -28 + 2)) + 22
125
What is 14 + (16 - 2) + -8 + -8?
12
Evaluate -24 - -32 - (-1 + 1 - -68) - (14 - 7).
-67
Calculate -30 - (-4 - (-6 + 7) - -14).
-39
Evaluate -65 + 1 + 4 - (522 - 527).
-55
(-124 + 57 - -144) + 5
82
Calculate -6 + -11 + 124 - 1 - (8 - -1).
97
What is ((-20 - 11) + 16 - -9) + 17?
11
-112 + 23 + 15 + 4 + -2
-72
Calculate (-88 + 75 - -125) + -91.
21
What is the value of (208 + -203 - (-1 + -49)) + 22?
77
What is the value of (-8 - -25) + (23 - (-23 - -38))?
25
(-76 - -13) + 9 + 5 + -2
-51
-14 + -2 + 32 + -12 + 9 + 1
14
-11 - (58 + (-5 - (-24 + 23)) - (-9 + 1))
-73
Evaluate -101 - -28 - (-1 + -37).
-35
What is 7 + -4 + 1 + -2 + 6 + (-1423 - -1399)?
-16
What is (32 - 108) + 7 - -66?
-3
Calculate (-18 - -40 - 48) + (3 - -22).
-1
Evaluate (-15 - -18) + (3 - 7) + (-10 - 2) + 6.
-7
What is the value of (5 - -5) + (18 - 4) + -52 + 11?
-17
Calculate 67 + -1582 + 1575 + (-32 - 0).
28
What is -18 - (-61 - -39) - 10 - (0 - 4)?
-2
2 + 47 + (110 - 127)
32
87 + (6 - 22) + -9
62
(180 - 31 - -31 - 40) + -38
102
What is the value of 2 - 48 - 5 - (87 + -89)?
-49
What is the value of 69 + -29 + 3 + -5 + (6 - 1)?
43
9 - (-36 - (-10 + -24))
11
Calculate 23 + 5 - (8 + -17 + 3 + 32 + -17).
19
What is the value of (62 - 40 - 1) + 11?
32
What is 3 + 28 - (701 - 662) - -33?
25
What is 18 + 8 + (-6 - (4 + 7))?
9
-31 + 27 - -55 - 13 - (6 - -2)
30
What is 2 + (-54 - -64) + (-11 - -5)?
6
What is 60 - 50 - (-8 + 16 + 58)?
-56
What is (261 - 267 - (0 - -2)) + 33?
25
Calculate -84 + 189 + -73 - (29 - -2).
1
Evaluate -5 - (-11 - -5) - (-45 + 2 + -3).
47
Evaluate -22 + (10 - -16) - -28 - 3.
29
Calculate (570 - 615) + (71 - -1).
27
What is -3 + 3 + (6 - 15) - -4 - (-10 + 51)?
-46
What is 4 - 24 - (775 + -807)?
12
(31 + 49 - 43) + -30
7
17 + (-33 - (-29 + 14)) - 82
-83
What is the value of -40 + 11 - (26 - -7)?
-62
Calculate (7 - -10 - 21) + 4 + -35.
-35
Calculate (-12 - -21 - 33 - 9) + 22 + (67 - -1).
57
Calculate -12 + 2 + -471 + 476.
-5
What is the value of (-1437 - -1430) + (1 - 2) + (0 - -92) + 5?
89
-21 + -4 + 5 + 36 + -46
-30
Evaluate -10 - (-34 + 5 + (153 - 123)).
-11
What is the value of -36 - -130 - 64 - (-2 - 2 - (-9 + -6))?
19
51 - (2 - -7 - (10 - 16) - (-3 + 11))
44
What is the value of 3 + 203 - (113 + -16)?
109
What is -27 + -4 + (8 - -2) - (7 + (2 - 5))?
-25
-55 + -15 + 16 + 71 + 66 + 1
84
Evaluate (-5 - -5 - 1) + 47 + (-8 + 8 - -8).
54
Evaluate -7 + 7 - ((53 - 24) + -30).
1
What is -38 + 47 + -8 + 29 + (-21 - -13)?
22
Evaluate 27 + 110 - (88 + -13).
62
What is the value of (-34 - -1) + (-83 - -111) - -94?
89
Calculate -47 - 16 - -35 - -43.
15
Evaluate 47 - ((-1 - -6) + (11 - (-7 + 11))).
35
Evaluate 27 + (101 - 150) + (0 - -3) + -4 + 3.
-20
Calculate (30 - 0) + -47 - (9 - -7).
-33
Evaluate 3 - (18 - 2) - (66 + -5 - (6 + -7)).
-75
What is the value of 9 + (8 - -51) - ((35 + -14 - 18) + -6)?
71
What is the value of (5 - -7) + (67 - 84) + (39 - (-2 - -2))?
34
What is -22 + (25 - -5) - 52?
-44
What is 459 + -513 + -14 + 1?
-67
Calculate (1 - -69) + (-22932 - -22968).
106
Evaluate (201 - 180) + (19 - (1 + -4)).
43
What is 28 - -48 - (38 - -35)?
3
What is -3 + 6 - ((-43 - -33) + (-1 - -21) + 1)?
-8
What is the value of -4 - (82 + -1 - 10) - (-31 + 16)?
-60
What is -14 + (8 - (-13 - -4)) - (115 - 4)?
-108
Calculate -16 + 60 + 2 - 93.
-47
What is the value of 83 + (-72 - (49 - 60))?
22
What is -123 - (32 + -100) - 10?
-65
What is -66 - (-66 + 7 + -13) - (120 + (-1 - -1))?
-114
Calculate (1 - (0 - -7)) + -181 + 253 + -28 + 0.
38
What is (-1 - (-11 - 12)) + 20 + -20?
22
Calculate (80 - -1) + -21960 + 21918.
39
Evaluate (5 + -4 - (-21 + 31)) + -39 + -23.
-71
-29 - (343 - 356 - (2 + 108))
94
61 + (46 - (43 - -113))
-49
Evaluate -12 + 135 + -81 + -5.
37
Calculate (69 + -41 - 5) + -13.
10
What is the value of (-7 - (-6 + 45 + -7)) + 7?
-32
Evaluate (-8 - -85) + 181 + -200.
58
Calculate -37 + 16 + 13 - (82 + -15 + 8).
-83
Calculate 33 + (1 - -3) + -8.
29
Evaluate -9 - (-9 + 21 - (9 - (4 + 9))).
-25
What is (8 - -1) + 4 + 18 + -30?
1
Evaluate 119 - -5 - (-3408 - -3438).
94
Evaluate -20 + 37 - 39 - -26 - (27 + -1).
-22
What is the value of (-1 - (-2 + (3 - 4))) + 30 + -33?
-1
What is the value of 6 + 14 + 1 + (-56 - (-10 - 54))?
29
What is -44 + 16 + (-2 - -4) + -9 + 2?
-33
What is 0 + -5 + (-4 + (11 - 0) - -15)?
17
Calculate 12 + -14 + -24 - -38.
12
What is the value of (-6 - (69 - 7)) + (4 - -19)?
-45
Evaluate -10 + (-7 - -29) - -2 - (42 - 19).
-9
Evaluate 94 + -78 + -137 - (-33 + 1).
-89
What is the value of -14 + 42 + -6 + -30 + 14 + -25?
-19
Calculate 24 - ((-7 - -22) + (4 - -51)).
-46
7 - ((3 - 11) + 6 + 13 + 48 + -72)
20
Calculate 6 - (2 + -21 - (937 - 957)).
5
Evaluate 85 + 7 + -13 - (11 - (13 + (8 - 10))).
79
What is the value of 17 + -37 + -2 + -1 + 123?
100
What is -45 - (-1 + -83 + (22 - 43))?
60
Calculate -113 - (-11 + 120 - 327).
105
What is 16 + 4 - 44 - (-40 + 46)?
-30
-16 +